.
14
Let g(l) = 2*l**2 - 6*l - 19. Let m be g(14). Calculate the greatest common divisor of 51 and m.
17
Suppose -4*g = -2*y - 10, 2*y - 6 - 16 = -4*g. Let z(j) = -j - 5. Let x be z(-9). Calculate the greatest common divisor of g and x.
4
Let y be 15428/(-152)*60/(-7). What is the greatest common factor of 20 and y?
10
Let i be (-2)/6 + 142/(-6). Suppose 0 = -6*b + 599 - 95. Let j = b - i. Calculate the greatest common factor of j and 12.
12
Let j(c) = -c**2 + 22*c - 30. Let s be j(3). Let x = -1 - -11. Suppose x = 4*f - 2. What is the greatest common factor of f and s?
3
Let f(y) = -62*y + 730. Let w be f(11). Let d = -10 + 22. Calculate the greatest common divisor of d and w.
12
Suppose 36*d = 50*d - 12222. Calculate the greatest common divisor of 194 and d.
97
Let t = 690 - 490. What is the highest common divisor of 1450 and t?
50
Suppose 4*t = t + 18. Suppose 3*r = 105 + 30. Let f = r + -27. What is the greatest common divisor of f and t?
6
Let y(j) = 56*j - 417. Let n be y(8). What is the greatest common divisor of n and 589?
31
Let r(u) = -5*u - 1. Let y be r(-1). Let b be (-3 + 3/3 + 0)*-16. Calculate the greatest common factor of y and b.
4
Let i(o) = 2*o + 36. Let s be i(-18). Suppose s = 11*k + k - 960. Calculate the highest common divisor of k and 200.
40
Let p = 367 + -263. Calculate the greatest common divisor of p and 884.
52
Suppose 392 = 11*o - 1852. Calculate the highest common factor of o and 18.
6
Let g be 0/((16 - 13)*2/3). Let r be (-2)/(-4)*(-2 + 10). Suppose g = r*q - 4. What is the highest common factor of q and 4?
1
Let c(s) = 15*s**2 - 6*s - 6. Let u be c(-3). Calculate the greatest common divisor of u and 42.
21
Let h = 142 + 45. What is the highest common divisor of 34 and h?
17
Suppose -5*i - 2480 = 5*j - 10*j, 2*i + 492 = j. What is the highest common divisor of 25 and j?
25
Let d(w) = -2*w**3 - 29*w**2 + 9*w + 24. Let o be d(-15). What is the highest common factor of o and 152?
38
Suppose c + 11 = 13. Calculate the highest common factor of 18 and c.
2
Let b be 800/(-3)*3738/(-3115). Suppose -4*d = 3*m + 73 - 281, m + d - 68 = 0. What is the highest common divisor of b and m?
64
Let n be 3/18 - 1131/(-18). Let q = -6 - n. Let s = 105 + q. What is the highest common factor of s and 54?
18
Let z(f) = -f**2 - 11*f + 4. Let i be z(-12). Let x = -13 + i. Let s be (-2)/5 - x/15. What is the highest common factor of 1 and s?
1
Let l(y) = 84 + 0*y**3 - 7*y**2 + 8*y - 79 - y**3. Let s be l(-10). Calculate the highest common factor of 45 and s.
45
Let b = -24 - -44. Let v = 23 - 31. Let g be -2 + 4 + 16 + v. What is the greatest common factor of b and g?
10
Let j be 90/(3 + 0) - 0. Suppose -m = -6*m - j. Let z(q) = -2*q**3 - 10*q**2 - 8*q - 8. Let w be z(m). Calculate the greatest common factor of 16 and w.
16
Suppose 70*a = 51*a + 3572. Calculate the greatest common divisor of 4 and a.
4
Let f = 15 - 11. Suppose 0*p + 404 = 2*m - p, -4*m + 816 = -f*p. What is the greatest common divisor of m and 25?
25
Let t be 11*2 + 18 + -22. Let h(j) = -j**2 + 7*j + 3. Let d be h(6). What is the highest common divisor of t and d?
9
Let y(o) = 9*o + 1. Let z(r) = -5*r. Let x(h) = -3*y(h) - 5*z(h). Let i be x(-3). Suppose -8*p + i*p = -375. What is the highest common divisor of p and 30?
15
Suppose -5*v + 2*c + 7 = 0, -2*v - 4*c = 2*v - 28. Suppose v*y - 1 = -5*j + y, -6 = 3*j - y. Let z = j + 33. What is the highest common factor of z and 80?
16
Let r(o) = -o + 1. Let x be r(-1). Suppose 3*u + 2*i + 2*i = 348, 0 = -x*u - 2*i + 234. Calculate the greatest common divisor of u and 12.
12
Let g be (-15)/25 - (-2)/(-5). Let d = g + 9. Calculate the greatest common factor of 56 and d.
8
Suppose 5*u - t = 2*t + 962, 4*t + 966 = 5*u. Suppose 3*c - 66 - 219 = -4*x, -u = -2*c + 3*x. Calculate the greatest common factor of c and 38.
19
Let m(i) = -1428*i + 12. Let w be m(-1). Calculate the greatest common factor of 48 and w.
48
Let w be 12*(5 + 10 - 2). What is the highest common divisor of 132 and w?
12
Suppose 22 = 6*a - 14. Suppose 0 = -6*i + 162 + a. What is the greatest common factor of 35 and i?
7
Suppose 2*y + 0*y + 4 = -2*p, -5*y = 2*p + 13. Let x be 456/19 - 0/p. Calculate the greatest common factor of x and 6.
6
Let g(q) = -q**2 + 8*q - 2. Let a be g(7). Suppose m + 4*z - a = 3*z, 17 = 4*m + z. Calculate the greatest common factor of 8 and m.
4
Let j(y) = 13*y + 16. Let w be (35/(-15))/(2/(-6)). Let m be j(w). Let h = 5 + m. What is the highest common divisor of h and 16?
16
Let p(q) = 2*q + 261. Let u be p(-7). What is the greatest common factor of u and 65?
13
Let n be 4/8 - (-526)/4. Let f(b) = 23*b**2 + 15*b - 16. Let w be f(1). What is the greatest common factor of n and w?
22
Let v(a) = -5*a. Let d(l) = 6*l - 1. Let c(n) = 2*d(n) + 3*v(n). Let w be c(-4). Calculate the greatest common divisor of 20 and w.
10
Let v = 66 - -16. Suppose 2*a - v = 118. What is the highest common factor of 25 and a?
25
Let r(c) = -c**2 - 18*c + 29. Let k be 2/(-5) - (-372)/(-20). Let q be r(k). Calculate the highest common factor of q and 25.
5
Let z = -24 + 9. Let s = z - -105. Suppose -2*k + 3*d = -60, 2*d - d + s = 3*k. Calculate the greatest common divisor of k and 10.
10
Let y = -34 + 38. Calculate the highest common divisor of 14 and y.
2
Suppose d - 6*d = -3*h + 84, -15 = -5*d. Let m(v) = v - 12. Let j be m(11). Let w(a) = -a + 2. Let t be w(j). What is the highest common factor of h and t?
3
Let c = 33 + -6. Let f be (-42)/(-8)*(5 + c). Suppose z - f = -2*z. Calculate the highest common divisor of 14 and z.
14
Let b(a) be the third derivative of a**6/120 + 3*a**5/20 + a**4/3 - 2*a**3 + 17*a**2. Let n be b(-7). Calculate the greatest common factor of n and 30.
30
Suppose -4*v = -2*i - 0*v - 216, 2*v = -2*i - 216. Let f = -6 - i. Calculate the highest common divisor of 34 and f.
34
Let x be 1584/42 + (-4)/(-14). Suppose -20 = -r - 4*z, -8*z = 3*r - 7*z - x. Calculate the highest common factor of 6 and r.
6
Suppose 3 = -4*h + 5*h. Suppose -h = -2*s + 3. Let o(v) = -v**2 + 9*v - 6. Let x be o(6). What is the highest common divisor of x and s?
3
Let a be (-1)/(-2) - (-1111)/(-2). Let u = a - -394. Let h = u + 269. What is the greatest common factor of h and 12?
12
Suppose 0*a + 1664 = 26*a. What is the greatest common divisor of a and 2?
2
Suppose -8 = 2*h + 2*h. Let g = h - -6. Suppose 3*n - 3*s + g - 10 = 0, -s = -5. What is the greatest common divisor of n and 21?
7
Let y = 993 + -209. Let j be (-2)/(-11) + y/44. Suppose -162 = -8*d - d. Calculate the greatest common factor of j and d.
18
Suppose 2*n = -2, -3*n = -3*i + 33 + 120. What is the greatest common divisor of 100 and i?
50
Suppose 14*g - 6 = 15*g. Let q(u) = -u**2 - 4*u - 3. Let n be q(-3). Let d be (-10)/6*(g + n). What is the greatest common factor of 20 and d?
10
Suppose 2*s = 3*w + 4*s - 183, w - 60 = -s. Let v = 71 + -69. Suppose -v*c - 2*m = -12, -4*c = c + 4*m - 31. What is the greatest common factor of w and c?
7
Suppose -5*p - 4161 = -4*z, 2450 = -5*z - 4*p + 7600. What is the highest common factor of 22 and z?
22
Suppose 5*y - 5 = -2*x - x, 3*x - 10 = -4*y. Suppose -2 = a - x. Calculate the greatest common divisor of a and 4.
4
Let t be -510*(72/15)/(-6). Calculate the highest common divisor of 51 and t.
51
Suppose -4*w = -16 - 32. Let k be ((-54)/8)/(6/(-192)). Suppose q - 7*q + k = 0. Calculate the greatest common divisor of q and w.
12
Let t be 6/8 - 234/(-72). Let c = t + -3. Suppose 4*j - 31 = 3*h, 3*h - c = j - 5*j. What is the greatest common factor of j and 36?
4
Let d be -3 + -10 + 9 + 99 + 0. What is the greatest common divisor of d and 5?
5
Suppose 296 = 9*s - 460. What is the highest common factor of 48 and s?
12
Let h be 1*4 + (-154)/(-7). Suppose h*q = 22*q + 20. Suppose 2*n = -2*l - l + 1, -q*l - 41 = -2*n. What is the greatest common factor of 64 and n?
8
Suppose 3*h = 7*h - 12. Suppose -h*m + i = 22, i = -2*i + 3. Let w(q) = -4*q + 12. Let p be w(m). What is the highest common factor of p and 8?
8
Let r be 14/4*(7 - (-9)/(-7)). Let c = -89 - -129. Calculate the greatest common divisor of c and r.
20
Suppose 8*m = 5*m + 42. Let o(a) = a**3 - 2*a**2 + 7*a - 5. Let h be o(5). Suppose 6*n = 3*n + h. Calculate the greatest common divisor of m and n.
7
Suppose 29*